u be (9 - 8)*(45 - 2). Suppose -5*b + u + 12 = 0. Let k(j) = j**3 - 12*j**2 + 15*j - 16. Let q be k(b). Calculate the highest common divisor of q and 42.
14
Suppose 14*c - 18*c = -156. Suppose 4*p + 36 = -4*w, 4*p + c + 5 = -2*w. Let f be (p/1)/((-16)/144). What is the greatest common factor of f and 13?
13
Let h(w) = -3*w**2 + 8*w - 16. Let n(y) = y**2 - 1. Let o(k) = -h(k) - 2*n(k). Let d be o(9). What is the highest common divisor of d and 108?
27
Let f = 1166 - -37. Calculate the highest common factor of f and 3.
3
Let q be 2/4 - (-12)/(-8). Let l = 1 - q. Let v be 105 - (5/(-1) + l). What is the highest common factor of v and 12?
12
Let p = 8 + -3. Let i be (88/(-48) + 3)*42. Suppose 0 = -2*b + 5*o + i + 71, 0 = p*b + 5*o - 300. What is the highest common divisor of 15 and b?
15
Suppose 101*c + 4*r - 4 = 97*c, -4*r - 4 = 0. Let t = 57 - 44. What is the greatest common factor of t and c?
1
Suppose -555 = 4*c - 5*i - 1646, -4*i + 578 = 2*c. Calculate the highest common divisor of c and 31.
31
Let j = -1329 + 1449. Suppose 2*u = -2*l - 14, -2*l - 11 = -u + 3*l. Let d be (-2)/u*60/2. What is the greatest common divisor of d and j?
15
Suppose -5*r = -25, -42*l - 4*r + 352 = -40*l. Calculate the greatest common factor of l and 1411.
83
Let j be 138/(-1311) + (14904/190)/(4/10). Calculate the highest common divisor of 1036 and j.
28
Suppose 8*t - 3*t = 20. Let v = -34 + -10. Let k be (v/3)/((-3)/(2 - -7)). What is the highest common factor of k and t?
4
Let h be 8 + (11 - 12)*6 - -553. What is the highest common divisor of 7955 and h?
185
Let a = 8845 - 8586. What is the highest common divisor of 182 and a?
7
Let m be -5*(-156)/(-120)*-10. Calculate the highest common factor of 1391 and m.
13
Let a = -234 - -586. Let w be 18/(-12)*-24 + -4. Calculate the highest common factor of w and a.
32
Suppose 8 = 6*f - 4. Let v be 2 - (2/f)/(7/28). Let d(r) = -16*r**3 - r**2 - r - 6. Let c be d(v). Calculate the greatest common factor of c and 24.
24
Suppose 90 = -3*o + 18*o. Let r be 1122/(-88)*(-8)/o + 4. What is the greatest common factor of r and 175?
7
Let h be (40/(-48) - 2/(-6))*-50. Suppose 21*a - h*a = -12. Suppose -a*j + 58 = 22. What is the greatest common factor of 96 and j?
12
Suppose -3*r + o = -2*o - 4185, 5*r - 3*o = 6985. Let x be ((-44)/(-10))/(35/r). What is the greatest common factor of 22 and x?
22
Let t(j) = 1312*j**2 - 41*j + 90. Let u be t(2). Calculate the greatest common factor of 16 and u.
8
Let w be 1 + -7 + -1 + 4. Let y be (17 - (w/1 + 1))*1. Suppose -209 = -10*k + 9*k. What is the greatest common factor of y and k?
19
Suppose 6*y - 172 + 250 = 0. Let r(v) = v**3 + 17*v**2 + 2*v - 21. Let d be r(y). What is the greatest common divisor of 37 and d?
37
Let y(p) = p + 54. Let l be y(21). Let s = l - 53. Let v be 64/6 + (-1)/(-3). Calculate the greatest common divisor of s and v.
11
Let h(k) = 10*k - 55. Let v be 98/6*(-72)/(-84). Let x be h(v). What is the greatest common factor of 51 and x?
17
Let s(p) = -20*p - p**2 - 2 + 2*p + 0 + 12. Let u = -1164 + 1148. Let o be s(u). Calculate the highest common divisor of o and 42.
42
Suppose 0 = 4*v - 3*k - 103, -196 = -5*v - k - 53. Let i(p) = -3*p**2 - 46*p + 1840. Let m be i(-33). What is the greatest common factor of v and m?
7
Let g(t) = 3*t**2 + 30*t + 307. Let q be g(-11). What is the highest common divisor of q and 374?
34
Let r(x) = 4*x**2 + 26*x + 2. Let c be r(-7). Suppose -367 = -c*f - 143. What is the highest common divisor of f and 7?
7
Let m = 125 + -636. Let h = m - -525. What is the highest common divisor of h and 588?
14
Suppose 13*s = -5*o + 9*s + 7480, -2*o + 3*s = -3015. Calculate the greatest common divisor of 12 and o.
12
Let x(r) = 64*r + 387. Let q be x(-6). Suppose 0 = -2*p + q*n + 1987, 0 = -p + n + 274 + 718. Calculate the highest common divisor of 43 and p.
43
Let y(b) be the first derivative of -b**3/3 + 5*b**2 + 25*b - 24. Let g be y(11). Suppose -13*w - 490 = -18*w. What is the greatest common divisor of w and g?
14
Suppose -9 + 34 = n. Let o be ((-10)/(-8))/(6/72) - 0. Suppose -o*g - 1375 = -20*g. What is the highest common factor of n and g?
25
Let h be 153/15*(156 - 91). Let k be 18/(-15)*(-67 - -2). Calculate the greatest common factor of k and h.
39
Let f be 296/7 + (-12)/42. Let c(o) = -8*o**2 + 7*o + 1. Let d be c(1). Suppose 7*z - 6*z - f = d. Calculate the greatest common factor of z and 14.
14
Suppose -519*b - 1071 - 749 = -532*b. What is the greatest common divisor of 120 and b?
20
Let z(i) = 6*i**2 + 89*i - 57. Let t be z(-37). Suppose -q - t = -9*q. What is the greatest common factor of q and 38?
38
Let w = 2089 - 2079. Calculate the highest common divisor of 545 and w.
5
Let i = -11482 + 11878. What is the greatest common factor of 684 and i?
36
Let b be 4/(-28) + (-28323)/(-7). What is the highest common factor of 14 and b?
14
Suppose -37 = 14*a - 15*a. Let w = 1779 + -774. Let v = -709 + w. Calculate the highest common divisor of a and v.
37
Let w(q) = -103*q**3 - 21*q**2 + 2*q + 1. Let m be w(-2). Calculate the highest common factor of m and 44.
11
Suppose -g + 14 + 32 = 0. Let v = -40 - -53. Suppose 14*f - 92 = v*f. Calculate the greatest common divisor of f and g.
46
Suppose -3*k + z = -125, -5*k - z - 58 = -269. Let q be (-355)/(-30) - -1*1/6. What is the highest common divisor of k and q?
6
Let r = -10 + 49. Suppose n - 19 = -r. Let d = -9 - n. What is the greatest common factor of 55 and d?
11
Let k be -3*(1 + (-30)/9). Let t(q) = -q**3 - 6*q - 5. Let x be t(0). Let l be 97/2 - x/20*2. What is the greatest common divisor of k and l?
7
Suppose -12 = -5*a + m, -6 = -4*a + 2*m - 0. Suppose -4*l + 10 = a*o, 3*l = 5*l + 4*o - 10. What is the highest common factor of l and 1?
1
Let r be (-72681)/(-147) + -2 + 33/21. Let z be 2*1/(8/52). Calculate the greatest common factor of z and r.
13
Let t be (-6)/(-27)*1369 + 14/(-63). What is the greatest common factor of 950 and t?
38
Let f(a) = a**3 + 16*a**2 + 16*a - 14. Let z(h) = 4*h + 25. Let k be z(-8). Let l be f(k). What is the highest common divisor of 90 and l?
45
Let b = 5554 + -5451. What is the greatest common factor of 11021 and b?
103
Suppose -2*d - 3*t + 25 = 0, 13*t - 20 = -d + 9*t. Suppose 0 = -6*n + d*n - 3*h - 246, -4*n + 474 = 3*h. What is the greatest common factor of n and 72?
24
Let a be (-130)/(-35) + -4 + (-2442)/(-21). Let f = -161 + 248. What is the highest common divisor of f and a?
29
Let m(j) = j**2 - 9*j + 22. Let q be m(2). Let f be 238/(q/(1 + 3)). What is the greatest common divisor of f and 136?
17
Suppose -3*x + y = x - 75, 3*y = 2*x - 35. Suppose 15*h - 2*o = x*h - 106, 3*o = -5*h + 131. What is the greatest common divisor of 182 and h?
14
Suppose -4*m = 28 - 112. Let o(v) = -13*v - 12. Let l be o(-9). Calculate the greatest common factor of m and l.
21
Let n be ((-10)/(-4) - 3)/(2/32). Let h be 3 - (n - (-6 + 3)). Calculate the highest common factor of h and 2.
2
Let y = 16809 - 16577. Calculate the highest common factor of y and 2146.
58
Let n(i) = -35*i + 15. Let x be n(-7). Suppose -2*y - x = -524. What is the greatest common divisor of 48 and y?
12
Let x(q) = 2*q**2 + q - 6. Let v be x(6). Let o be (6/(-4))/((-7119)/75936). Calculate the highest common factor of v and o.
8
Let f = 153 + -59. Let n = 11 + f. Let i be ((-24)/10)/(22/(-165)) + -3. What is the greatest common divisor of n and i?
15
Let n = -118 + 114. Let v be 32/(-24)*(2642/n - -2). Suppose -v = -13*o + 1202. What is the highest common factor of o and 20?
20
Suppose v + 153 = 3*r, -16*r = -20*r - 3*v + 191. Suppose -r - 608 = -2*b - n, 0 = -2*n - 4. What is the greatest common factor of b and 30?
30
Let j(k) = 2*k**3 + 97*k**2 - 20*k - 21. Let d be j(-44). What is the highest common factor of 47 and d?
47
Suppose -73*o = -75*o + 256. Let h = o - 123. Calculate the highest common factor of h and 35.
5
Let f(t) = -226*t - 641. Let s be f(-3). What is the greatest common divisor of 6216 and s?
37
Let d(t) = t + 22. Let k(b) = b**3 + 4*b**2 + b - 3. Let p be k(-3). Suppose -p*s = 20 - 5. Let a be d(s). Calculate the greatest common divisor of 187 and a.
17
Let m be 208/(-182)*-7 - (-480)/1. Calculate the greatest common divisor of m and 1220.
244
Suppose -3*p + 66 = -0*p. Let x = 42 + -40. Let